{"id":66,"date":"2024-01-14T20:27:56","date_gmt":"2024-01-14T20:27:56","guid":{"rendered":"https:\/\/gastroenterologocusco.com\/?page_id=66"},"modified":"2024-01-26T17:01:18","modified_gmt":"2024-01-26T17:01:18","slug":"homepage-2","status":"publish","type":"page","link":"https:\/\/gastroenterologocusco.com\/","title":{"rendered":"Inicio"},"content":{"rendered":"\n<div class=\"wp-block-media-text alignfull is-stacked-on-mobile\"><figure class=\"wp-block-media-text__media\"><img loading=\"lazy\" decoding=\"async\" width=\"1024\" height=\"791\" src=\"https:\/\/gastroenterologocusco.com\/wp-content\/uploads\/2024\/01\/Gastroenterologoencusco-1024x791.png\" alt=\"\" class=\"wp-image-106 size-full\" srcset=\"https:\/\/gastroenterologocusco.com\/wp-content\/uploads\/2024\/01\/Gastroenterologoencusco-1024x791.png 1024w, https:\/\/gastroenterologocusco.com\/wp-content\/uploads\/2024\/01\/Gastroenterologoencusco-300x232.png 300w, https:\/\/gastroenterologocusco.com\/wp-content\/uploads\/2024\/01\/Gastroenterologoencusco-768x593.png 768w, https:\/\/gastroenterologocusco.com\/wp-content\/uploads\/2024\/01\/Gastroenterologoencusco-1536x1187.png 1536w, https:\/\/gastroenterologocusco.com\/wp-content\/uploads\/2024\/01\/Gastroenterologoencusco.png 2000w\" sizes=\"auto, (max-width: 1024px) 100vw, 1024px\" \/><\/figure><div class=\"wp-block-media-text__content\">\n<h1 class=\"wp-block-heading\"><strong>Hola, soy el Dr. Oswaldo Zapata Carre\u00f1o<\/strong>.<\/h1>\n\n\n\n<p>Gastroenter\u00f3logo, proct\u00f3logo, hepat\u00f3l\u00f3go, endoscopista, y ecografista, lidero la cl\u00ednica gastroentereol\u00f3gica GATRO+ECOMEDIC, que ofrece a los pacientes, de la regi\u00f3n del Cusco servicios como: detecci\u00f3n de gastritis, enfermedades del h\u00edgado entre otros.<\/p>\n\n\n\n<p>Cont\u00e1ctenos hoy, y responder\u00e9 todas sus consultas<\/p>\n\n\n\n<figure class=\"wp-block-image size-full is-resized\"><a href=\"https:\/\/api.whatsapp.com\/send\/?phone=51984857991&amp;text&amp;type=phone_number&amp;app_absent=0\"><img loading=\"lazy\" decoding=\"async\" width=\"812\" height=\"225\" src=\"https:\/\/gastroenterologocusco.com\/wp-content\/uploads\/2024\/01\/gastroenterologo-cusco.png\" alt=\"\" class=\"wp-image-143\" style=\"width:217px;height:auto\" srcset=\"https:\/\/gastroenterologocusco.com\/wp-content\/uploads\/2024\/01\/gastroenterologo-cusco.png 812w, https:\/\/gastroenterologocusco.com\/wp-content\/uploads\/2024\/01\/gastroenterologo-cusco-300x83.png 300w, https:\/\/gastroenterologocusco.com\/wp-content\/uploads\/2024\/01\/gastroenterologo-cusco-768x213.png 768w\" sizes=\"auto, (max-width: 812px) 100vw, 812px\" \/><\/a><\/figure>\n<\/div><\/div>\n\n\n\n<div style=\"height:7px\" aria-hidden=\"true\" class=\"wp-block-spacer\"><\/div>\n\n\n\n<div style=\"background-color:#333;padding-top:4.5%\" class=\"wp-block-genesis-blocks-gb-container gb-block-container alignfull\"><div class=\"gb-container-inside\"><div class=\"gb-container-content\" style=\"max-width:1600px\">\n<div class=\"wp-block-cover gb-block-cta\" style=\"padding-top:2%;min-height:13em;aspect-ratio:unset;\"><span aria-hidden=\"true\" class=\"wp-block-cover__background has-background-dim-100 has-background-dim\" style=\"background-color:#333333\"><\/span><div class=\"wp-block-cover__inner-container is-layout-flow wp-block-cover-is-layout-flow\"><div class=\"wp-block-image\">\n<figure class=\"aligncenter size-large is-resized\"><img loading=\"lazy\" decoding=\"async\" width=\"1017\" height=\"1024\" src=\"https:\/\/gastroenterologocusco.com\/wp-content\/uploads\/2023\/01\/logo-gastroenterologia-1017x1024.png\" alt=\"\" class=\"wp-image-12\" style=\"width:296px;height:auto\" srcset=\"https:\/\/gastroenterologocusco.com\/wp-content\/uploads\/2023\/01\/logo-gastroenterologia-1017x1024.png 1017w, https:\/\/gastroenterologocusco.com\/wp-content\/uploads\/2023\/01\/logo-gastroenterologia-298x300.png 298w, https:\/\/gastroenterologocusco.com\/wp-content\/uploads\/2023\/01\/logo-gastroenterologia-150x150.png 150w, https:\/\/gastroenterologocusco.com\/wp-content\/uploads\/2023\/01\/logo-gastroenterologia-768x773.png 768w, https:\/\/gastroenterologocusco.com\/wp-content\/uploads\/2023\/01\/logo-gastroenterologia.png 1271w\" sizes=\"auto, (max-width: 1017px) 100vw, 1017px\" \/><\/figure>\n<\/div>\n\n<div class=\"wp-block-image\">\n<figure class=\"aligncenter size-full is-resized\"><a href=\"https:\/\/api.whatsapp.com\/send\/?phone=51984857991&amp;text&amp;type=phone_number&amp;app_absent=0\"><img loading=\"lazy\" decoding=\"async\" width=\"812\" height=\"225\" src=\"https:\/\/gastroenterologocusco.com\/wp-content\/uploads\/2024\/01\/gastroenterologo-cusco.png\" alt=\"gastroenterologo-cusco\" class=\"wp-image-143\" style=\"width:207px;height:auto\" srcset=\"https:\/\/gastroenterologocusco.com\/wp-content\/uploads\/2024\/01\/gastroenterologo-cusco.png 812w, https:\/\/gastroenterologocusco.com\/wp-content\/uploads\/2024\/01\/gastroenterologo-cusco-300x83.png 300w, https:\/\/gastroenterologocusco.com\/wp-content\/uploads\/2024\/01\/gastroenterologo-cusco-768x213.png 768w\" sizes=\"auto, (max-width: 812px) 100vw, 812px\" \/><\/a><\/figure>\n<\/div><\/div><\/div>\n<\/div><\/div><\/div>\n\n\n\n<div style=\"color:#ddd\" class=\"wp-block-genesis-blocks-gb-spacer gb-block-spacer gb-divider-solid gb-divider-size-1\"><hr style=\"height:60px\"\/><\/div>\n\n\n\n<h2 class=\"wp-block-heading has-text-align-center\">Servicios Profesionales<\/h2>\n\n\n\n<div style=\"color:#ddd\" class=\"wp-block-genesis-blocks-gb-spacer gb-block-spacer gb-divider-solid gb-divider-size-1\"><hr style=\"height:25px\"\/><\/div>\n\n\n\n<div class=\"wp-block-genesis-blocks-gb-columns gb-layout-columns-3 gb-3-col-equal alignwide\"><div class=\"gb-layout-column-wrap gb-block-layout-column-gap-2 gb-is-responsive-column\">\n<div class=\"wp-block-genesis-blocks-gb-column gb-block-layout-column\"><div class=\"gb-block-layout-column-inner\">\n<figure class=\"wp-block-image size-large is-resized\"><img loading=\"lazy\" decoding=\"async\" width=\"1024\" height=\"1024\" src=\"https:\/\/gastroenterologocusco.com\/wp-content\/uploads\/2023\/01\/gastroenterologos-recomendados-1024x1024.jpg\" alt=\"\" class=\"wp-image-8\" style=\"width:329px;height:auto\" srcset=\"https:\/\/gastroenterologocusco.com\/wp-content\/uploads\/2023\/01\/gastroenterologos-recomendados-1024x1024.jpg 1024w, https:\/\/gastroenterologocusco.com\/wp-content\/uploads\/2023\/01\/gastroenterologos-recomendados-300x300.jpg 300w, https:\/\/gastroenterologocusco.com\/wp-content\/uploads\/2023\/01\/gastroenterologos-recomendados-150x150.jpg 150w, https:\/\/gastroenterologocusco.com\/wp-content\/uploads\/2023\/01\/gastroenterologos-recomendados-768x768.jpg 768w, https:\/\/gastroenterologocusco.com\/wp-content\/uploads\/2023\/01\/gastroenterologos-recomendados.jpg 1080w\" sizes=\"auto, (max-width: 1024px) 100vw, 1024px\" \/><\/figure>\n\n\n\n<div style=\"background-color:#f2f2f2;color:#32373c\" class=\"wp-block-genesis-blocks-gb-testimonial left-aligned gb-has-avatar gb-font-size-18 gb-block-testimonial\"><div class=\"gb-testimonial-text\"><\/div><div class=\"gb-testimonial-info\"><div class=\"gb-testimonial-avatar-wrap\"><div class=\"gb-testimonial-image-wrap\"><img decoding=\"async\" class=\"gb-testimonial-avatar\" src=\"https:\/\/gastroenterologocusco.com\/wp-content\/uploads\/2023\/01\/gastroenterologos-recomendados-150x150.jpg\"\/><\/div><\/div><h2 class=\"gb-testimonial-name\" style=\"color:#32373c\">Endoscopia<\/h2><small class=\"gb-testimonial-title\" style=\"color:#32373c\"><\/small><\/div><\/div>\n<\/div><\/div>\n\n\n\n<div class=\"wp-block-genesis-blocks-gb-column gb-block-layout-column\"><div class=\"gb-block-layout-column-inner\">\n<figure class=\"wp-block-image size-full is-resized\"><img loading=\"lazy\" decoding=\"async\" width=\"600\" height=\"396\" src=\"https:\/\/gastroenterologocusco.com\/wp-content\/uploads\/2023\/01\/testdelalientogastroenterologosencusco.jpg\" alt=\"\" class=\"wp-image-9\" style=\"width:330px;height:auto\" srcset=\"https:\/\/gastroenterologocusco.com\/wp-content\/uploads\/2023\/01\/testdelalientogastroenterologosencusco.jpg 600w, https:\/\/gastroenterologocusco.com\/wp-content\/uploads\/2023\/01\/testdelalientogastroenterologosencusco-300x198.jpg 300w\" sizes=\"auto, (max-width: 600px) 100vw, 600px\" \/><\/figure>\n\n\n\n<div style=\"background-color:#f2f2f2;color:#32373c\" class=\"wp-block-genesis-blocks-gb-testimonial left-aligned gb-has-avatar gb-font-size-18 gb-block-testimonial\"><div class=\"gb-testimonial-text\"><\/div><div class=\"gb-testimonial-info\"><div class=\"gb-testimonial-avatar-wrap\"><div class=\"gb-testimonial-image-wrap\"><img decoding=\"async\" class=\"gb-testimonial-avatar\" src=\"https:\/\/gastroenterologocusco.com\/wp-content\/uploads\/2023\/01\/testdelalientogastroenterologosencusco-150x150.jpg\"\/><\/div><\/div><h2 class=\"gb-testimonial-name\" style=\"color:#32373c\">Test de Aliento<\/h2><small class=\"gb-testimonial-title\" style=\"color:#32373c\"><\/small><\/div><\/div>\n<\/div><\/div>\n\n\n\n<div class=\"wp-block-genesis-blocks-gb-column gb-block-layout-column\"><div class=\"gb-block-layout-column-inner\">\n<figure class=\"wp-block-image size-full\"><img loading=\"lazy\" decoding=\"async\" width=\"940\" height=\"788\" src=\"https:\/\/gastroenterologocusco.com\/wp-content\/uploads\/2023\/01\/GASTROENTEROLO-CERCA-Y-MEJOR.jpg\" alt=\"\" class=\"wp-image-11\" srcset=\"https:\/\/gastroenterologocusco.com\/wp-content\/uploads\/2023\/01\/GASTROENTEROLO-CERCA-Y-MEJOR.jpg 940w, https:\/\/gastroenterologocusco.com\/wp-content\/uploads\/2023\/01\/GASTROENTEROLO-CERCA-Y-MEJOR-300x251.jpg 300w, https:\/\/gastroenterologocusco.com\/wp-content\/uploads\/2023\/01\/GASTROENTEROLO-CERCA-Y-MEJOR-768x644.jpg 768w\" sizes=\"auto, (max-width: 940px) 100vw, 940px\" \/><\/figure>\n\n\n\n<div style=\"background-color:#f2f2f2;color:#32373c\" class=\"wp-block-genesis-blocks-gb-testimonial left-aligned gb-has-avatar gb-font-size-18 gb-block-testimonial\"><div class=\"gb-testimonial-text\"><\/div><div class=\"gb-testimonial-info\"><div class=\"gb-testimonial-avatar-wrap\"><div class=\"gb-testimonial-image-wrap\"><img decoding=\"async\" class=\"gb-testimonial-avatar\" src=\"https:\/\/gastroenterologocusco.com\/wp-content\/uploads\/2023\/01\/GASTROENTEROLO-CERCA-Y-MEJOR-150x150.jpg\"\/><\/div><\/div><h2 class=\"gb-testimonial-name\" style=\"color:#32373c\">Ligadura de Hemorroides<\/h2><small class=\"gb-testimonial-title\" style=\"color:#32373c\"><\/small><\/div><\/div>\n<\/div><\/div>\n<\/div><\/div>\n\n\n\n<div style=\"color:#ddd\" class=\"wp-block-genesis-blocks-gb-spacer gb-block-spacer gb-divider-solid gb-divider-size-1\"><hr style=\"height:30px\"\/><\/div>\n\n\n\n<div class=\"wp-block-genesis-blocks-gb-columns gb-layout-columns-2 gb-2-col-equal gb-has-custom-background-color gb-has-custom-text-color gb-columns-center alignfull\" style=\"padding-top:14%;padding-right:5%;padding-bottom:8%;padding-left:5%;background-color:#333333;color:#ffffff\"><div class=\"gb-layout-column-wrap gb-block-layout-column-gap-2 gb-is-responsive-column\" style=\"max-width:1062px\">\n<div class=\"wp-block-genesis-blocks-gb-column gb-block-layout-column\"><div class=\"gb-block-layout-column-inner\">\n<p class=\"has-text-align-left has-text-color\" style=\"color:#ffffff;font-size:40px\">Ub\u00edcanos en la ciudad del Cusco <\/p>\n\n\n\n<p>Av. de La Cultura N\u00b0 1302<\/p>\n\n\n\n<p>Edificio San Luis, 7mo piso<\/p>\n\n\n\n<p>(Al frente del colegio medico del Per\u00fa)<\/p>\n\n\n\n<p>*Paradero Hospital*<\/p>\n<\/div><\/div>\n\n\n\n<div class=\"wp-block-genesis-blocks-gb-column gb-block-layout-column\"><div class=\"gb-block-layout-column-inner\">\n<p><\/p>\n\n\n\n<iframe src=\"https:\/\/www.google.com\/maps\/embed?pb=!1m18!1m12!1m3!1d3879.181599916174!2d-71.95928302399467!3d-13.524444371173379!2m3!1f0!2f0!3f0!3m2!1i1024!2i768!4f13.1!3m3!1m2!1s0x916e7f7ca3009555%3A0x61c0990334188fdd!2sDr.%20Oswaldo%20Zapata%20GASTROECOMEDIC%20-%20Endoscopia%20-%20Ecografia-%20Hepatologia%20-%20Colonoscopia%20%2F%20Proctologo%20-%20gastroenterologo%20cusco!5e0!3m2!1ses-419!2spe!4v1705266197923!5m2!1ses-419!2spe\" width=\"600\" height=\"450\" style=\"border:0;\" allowfullscreen=\"\" loading=\"lazy\" referrerpolicy=\"no-referrer-when-downgrade\"><\/iframe>\n\n\n<div class=\"wp-block-image\">\n<figure class=\"aligncenter size-full is-resized\"><a href=\"https:\/\/api.whatsapp.com\/send\/?phone=51984857991&amp;text&amp;type=phone_number&amp;app_absent=0\"><img loading=\"lazy\" decoding=\"async\" width=\"812\" height=\"225\" src=\"https:\/\/gastroenterologocusco.com\/wp-content\/uploads\/2024\/01\/gastroenterologo-cusco.png\" alt=\"gastroenterologo-cusco\" class=\"wp-image-143\" style=\"width:208px;height:auto\" srcset=\"https:\/\/gastroenterologocusco.com\/wp-content\/uploads\/2024\/01\/gastroenterologo-cusco.png 812w, https:\/\/gastroenterologocusco.com\/wp-content\/uploads\/2024\/01\/gastroenterologo-cusco-300x83.png 300w, https:\/\/gastroenterologocusco.com\/wp-content\/uploads\/2024\/01\/gastroenterologo-cusco-768x213.png 768w\" sizes=\"auto, (max-width: 812px) 100vw, 812px\" \/><\/a><\/figure>\n<\/div><\/div><\/div>\n<\/div><\/div>\n\n\n\n<div style=\"color:#ddd\" class=\"wp-block-genesis-blocks-gb-spacer gb-block-spacer gb-divider-solid gb-divider-size-1\"><hr style=\"height:60px\"\/><\/div>\n\n\n\n<div class=\"wp-block-genesis-blocks-gb-columns gb-layout-columns-2 gb-2-col-equal alignwide\"><div class=\"gb-layout-column-wrap gb-block-layout-column-gap-2 gb-is-responsive-column\">\n<div class=\"wp-block-genesis-blocks-gb-column gb-block-layout-column\"><div class=\"gb-block-layout-column-inner\">\n<div class=\"wp-block-genesis-blocks-gb-accordion gb-font-size-18 gb-block-accordion\"><details open><summary class=\"gb-accordion-title\">\u00bfAlg\u00fan n\u00famero de contacto?<\/summary><div class=\"gb-accordion-text\">\n<p>Puede comunicarse con nosotros en nuestra p\u00e1gina de contacto o llam\u00e1ndonos directamente al <a href=\"https:\/\/api.whatsapp.com\/send\/?phone=51984857991&amp;text&amp;type=phone_number&amp;app_absent=0\">984857991<\/a><\/p>\n<\/div><\/details><\/div>\n\n\n\n<div class=\"wp-block-genesis-blocks-gb-accordion gb-font-size-18 gb-block-accordion\"><details><summary class=\"gb-accordion-title\">\u00bfDonde est\u00e1n ubicados?<\/summary><div class=\"gb-accordion-text\">\n<p>Estamos ubicados en la ciudad imperial del Cusco, en la Av. La Cultura N\u00b01302 Edificio San Luis, 7mo piso (Al frente del Colegio Medico del Per\u00fa) Paradero Hospital Regional<\/p>\n<\/div><\/details><\/div>\n\n\n\n<div class=\"wp-block-genesis-blocks-gb-accordion gb-font-size-18 gb-block-accordion\"><details><summary class=\"gb-accordion-title\">\u00bfCu\u00e1l es el costo del servicio?<\/summary><div class=\"gb-accordion-text\">\n<p>El costo del servicio puede variar seg\u00fan diversos factores, llamenos o visitenos para obtener informaci\u00f3n espec\u00edfica al respecto.<\/p>\n<\/div><\/details><\/div>\n<\/div><\/div>\n\n\n\n<div class=\"wp-block-genesis-blocks-gb-column gb-block-layout-column\"><div class=\"gb-block-layout-column-inner\">\n<figure class=\"wp-block-image size-large\"><img loading=\"lazy\" decoding=\"async\" width=\"1024\" height=\"764\" src=\"https:\/\/gastroenterologocusco.com\/wp-content\/uploads\/2023\/01\/gastroenterologo-el-mejor-de-cusco-1024x764.png\" alt=\"\" class=\"wp-image-16\" srcset=\"https:\/\/gastroenterologocusco.com\/wp-content\/uploads\/2023\/01\/gastroenterologo-el-mejor-de-cusco-1024x764.png 1024w, https:\/\/gastroenterologocusco.com\/wp-content\/uploads\/2023\/01\/gastroenterologo-el-mejor-de-cusco-300x224.png 300w, https:\/\/gastroenterologocusco.com\/wp-content\/uploads\/2023\/01\/gastroenterologo-el-mejor-de-cusco-768x573.png 768w, https:\/\/gastroenterologocusco.com\/wp-content\/uploads\/2023\/01\/gastroenterologo-el-mejor-de-cusco.png 1080w\" sizes=\"auto, (max-width: 1024px) 100vw, 1024px\" \/><\/figure>\n<\/div><\/div>\n<\/div><\/div>\n","protected":false},"excerpt":{"rendered":"<p>Servicios Profesionales<\/p>\n","protected":false},"author":1,"featured_media":0,"parent":0,"menu_order":0,"comment_status":"closed","ping_status":"closed","template":"","meta":{"_genesis_hide_title":true,"_genesis_hide_breadcrumbs":true,"_genesis_hide_singular_image":true,"_genesis_hide_footer_widgets":false,"_genesis_custom_body_class":"","_genesis_custom_post_class":"","_genesis_layout":"full-width-content","footnotes":""},"class_list":{"0":"post-66","1":"page","2":"type-page","3":"status-publish","5":"entry","6":"has-post-thumbnail"},"featured_image_src":null,"featured_image_src_square":null,"_links":{"self":[{"href":"https:\/\/gastroenterologocusco.com\/index.php?rest_route=\/wp\/v2\/pages\/66","targetHints":{"allow":["GET"]}}],"collection":[{"href":"https:\/\/gastroenterologocusco.com\/index.php?rest_route=\/wp\/v2\/pages"}],"about":[{"href":"https:\/\/gastroenterologocusco.com\/index.php?rest_route=\/wp\/v2\/types\/page"}],"author":[{"embeddable":true,"href":"https:\/\/gastroenterologocusco.com\/index.php?rest_route=\/wp\/v2\/users\/1"}],"replies":[{"embeddable":true,"href":"https:\/\/gastroenterologocusco.com\/index.php?rest_route=%2Fwp%2Fv2%2Fcomments&post=66"}],"version-history":[{"count":23,"href":"https:\/\/gastroenterologocusco.com\/index.php?rest_route=\/wp\/v2\/pages\/66\/revisions"}],"predecessor-version":[{"id":147,"href":"https:\/\/gastroenterologocusco.com\/index.php?rest_route=\/wp\/v2\/pages\/66\/revisions\/147"}],"wp:attachment":[{"href":"https:\/\/gastroenterologocusco.com\/index.php?rest_route=%2Fwp%2Fv2%2Fmedia&parent=66"}],"curies":[{"name":"wp","href":"https:\/\/api.w.org\/{rel}","templated":true}]}}